{"id":2,"date":"2022-10-20T11:02:14","date_gmt":"2022-10-20T09:02:14","guid":{"rendered":"http:\/\/serwer2236573.home.pl\/autoinstalator\/wordpress\/?page_id=2"},"modified":"2026-01-04T18:22:33","modified_gmt":"2026-01-04T17:22:33","slug":"przykladowa-strona","status":"publish","type":"page","link":"http:\/\/fami-dent.eu\/index.php\/przykladowa-strona\/","title":{"rendered":"Oferta"},"content":{"rendered":"\n<p><\/p>\n\n\n\n<div class=\"wp-block-media-text alignwide is-stacked-on-mobile\"><figure class=\"wp-block-media-text__media\"><img fetchpriority=\"high\" decoding=\"async\" width=\"1024\" height=\"573\" src=\"http:\/\/fami-dent.eu\/wp-content\/uploads\/2026\/01\/PROFILAKTYKA-STOMATOLOGICZNA-1024x573.jpg\" alt=\"\" class=\"wp-image-277 size-full\" srcset=\"http:\/\/fami-dent.eu\/wp-content\/uploads\/2026\/01\/PROFILAKTYKA-STOMATOLOGICZNA-1024x573.jpg 1024w, http:\/\/fami-dent.eu\/wp-content\/uploads\/2026\/01\/PROFILAKTYKA-STOMATOLOGICZNA-300x168.jpg 300w, http:\/\/fami-dent.eu\/wp-content\/uploads\/2026\/01\/PROFILAKTYKA-STOMATOLOGICZNA-768x430.jpg 768w, http:\/\/fami-dent.eu\/wp-content\/uploads\/2026\/01\/PROFILAKTYKA-STOMATOLOGICZNA-1536x860.jpg 1536w, http:\/\/fami-dent.eu\/wp-content\/uploads\/2026\/01\/PROFILAKTYKA-STOMATOLOGICZNA-1000x560.jpg 1000w, http:\/\/fami-dent.eu\/wp-content\/uploads\/2026\/01\/PROFILAKTYKA-STOMATOLOGICZNA-230x129.jpg 230w, http:\/\/fami-dent.eu\/wp-content\/uploads\/2026\/01\/PROFILAKTYKA-STOMATOLOGICZNA-350x196.jpg 350w, http:\/\/fami-dent.eu\/wp-content\/uploads\/2026\/01\/PROFILAKTYKA-STOMATOLOGICZNA-480x269.jpg 480w, http:\/\/fami-dent.eu\/wp-content\/uploads\/2026\/01\/PROFILAKTYKA-STOMATOLOGICZNA.jpg 1600w\" sizes=\"(max-width: 1024px) 100vw, 1024px\" \/><\/figure><div class=\"wp-block-media-text__content\">\n<p><strong><mark style=\"background-color:rgba(0, 0, 0, 0)\" class=\"has-inline-color has-vivid-cyan-blue-color\">PROFILAKTYKA STOMATOLOGICZNA<\/mark><\/strong><\/p>\n\n\n\n<ul class=\"wp-block-list\">\n<li>lakowanie i lakierowanie z\u0119b\u00f3w<\/li>\n\n\n\n<li>skaling &#8211; usuwanie kamienia naz\u0119bnego<\/li>\n<\/ul>\n\n\n\n<p><\/p>\n<\/div><\/div>\n\n\n\n<div class=\"wp-block-media-text alignwide is-stacked-on-mobile\"><figure class=\"wp-block-media-text__media\"><img decoding=\"async\" width=\"1024\" height=\"573\" src=\"http:\/\/fami-dent.eu\/wp-content\/uploads\/2026\/01\/STOMATOLOGIA-ZACHOWAWCZA-1024x573.jpg\" alt=\"\" class=\"wp-image-279 size-full\" srcset=\"http:\/\/fami-dent.eu\/wp-content\/uploads\/2026\/01\/STOMATOLOGIA-ZACHOWAWCZA-1024x573.jpg 1024w, http:\/\/fami-dent.eu\/wp-content\/uploads\/2026\/01\/STOMATOLOGIA-ZACHOWAWCZA-300x168.jpg 300w, http:\/\/fami-dent.eu\/wp-content\/uploads\/2026\/01\/STOMATOLOGIA-ZACHOWAWCZA-768x430.jpg 768w, http:\/\/fami-dent.eu\/wp-content\/uploads\/2026\/01\/STOMATOLOGIA-ZACHOWAWCZA-1536x860.jpg 1536w, http:\/\/fami-dent.eu\/wp-content\/uploads\/2026\/01\/STOMATOLOGIA-ZACHOWAWCZA-1000x560.jpg 1000w, http:\/\/fami-dent.eu\/wp-content\/uploads\/2026\/01\/STOMATOLOGIA-ZACHOWAWCZA-230x129.jpg 230w, http:\/\/fami-dent.eu\/wp-content\/uploads\/2026\/01\/STOMATOLOGIA-ZACHOWAWCZA-350x196.jpg 350w, http:\/\/fami-dent.eu\/wp-content\/uploads\/2026\/01\/STOMATOLOGIA-ZACHOWAWCZA-480x269.jpg 480w, http:\/\/fami-dent.eu\/wp-content\/uploads\/2026\/01\/STOMATOLOGIA-ZACHOWAWCZA.jpg 1600w\" sizes=\"(max-width: 1024px) 100vw, 1024px\" \/><\/figure><div class=\"wp-block-media-text__content\">\n<p><strong><mark style=\"background-color:rgba(0, 0, 0, 0)\" class=\"has-inline-color has-vivid-cyan-blue-color\">STOMATOLOGIA ZACHOWAWCZA<\/mark><\/strong><\/p>\n\n\n\n<ul class=\"wp-block-list\">\n<li>odbudowa z\u0119b\u00f3w zniszczonych pr\u00f3chnic\u0105<\/li>\n\n\n\n<li>endodoncja &#8211; leczenie kana\u0142owe<\/li>\n\n\n\n<li>odbudowa z\u0119b\u00f3w po leczeniu kana\u0142owym<\/li>\n\n\n\n<li>odbudowa na w\u0142\u00f3knie szklanym<\/li>\n<\/ul>\n\n\n\n<p><\/p>\n<\/div><\/div>\n\n\n\n<div class=\"wp-block-media-text alignwide is-stacked-on-mobile\"><figure class=\"wp-block-media-text__media\"><img decoding=\"async\" width=\"1024\" height=\"573\" src=\"http:\/\/fami-dent.eu\/wp-content\/uploads\/2026\/01\/STOMATOLOGIA-ESTETYCZNA-1024x573.jpg\" alt=\"\" class=\"wp-image-280 size-full\" srcset=\"http:\/\/fami-dent.eu\/wp-content\/uploads\/2026\/01\/STOMATOLOGIA-ESTETYCZNA-1024x573.jpg 1024w, http:\/\/fami-dent.eu\/wp-content\/uploads\/2026\/01\/STOMATOLOGIA-ESTETYCZNA-300x168.jpg 300w, http:\/\/fami-dent.eu\/wp-content\/uploads\/2026\/01\/STOMATOLOGIA-ESTETYCZNA-768x430.jpg 768w, http:\/\/fami-dent.eu\/wp-content\/uploads\/2026\/01\/STOMATOLOGIA-ESTETYCZNA-1536x860.jpg 1536w, http:\/\/fami-dent.eu\/wp-content\/uploads\/2026\/01\/STOMATOLOGIA-ESTETYCZNA-1000x560.jpg 1000w, http:\/\/fami-dent.eu\/wp-content\/uploads\/2026\/01\/STOMATOLOGIA-ESTETYCZNA-230x129.jpg 230w, http:\/\/fami-dent.eu\/wp-content\/uploads\/2026\/01\/STOMATOLOGIA-ESTETYCZNA-350x196.jpg 350w, http:\/\/fami-dent.eu\/wp-content\/uploads\/2026\/01\/STOMATOLOGIA-ESTETYCZNA-480x269.jpg 480w, http:\/\/fami-dent.eu\/wp-content\/uploads\/2026\/01\/STOMATOLOGIA-ESTETYCZNA.jpg 1600w\" sizes=\"(max-width: 1024px) 100vw, 1024px\" \/><\/figure><div class=\"wp-block-media-text__content\">\n<p><mark style=\"background-color:rgba(0, 0, 0, 0)\" class=\"has-inline-color has-vivid-cyan-blue-color\"><strong>STOMATOLOGIA ESTETYCZNA<\/strong><\/mark><\/p>\n\n\n\n<ul class=\"wp-block-list\">\n<li>wybielanie z\u0119b\u00f3w<\/li>\n\n\n\n<li>piaskowanie z\u0119b\u00f3w<\/li>\n\n\n\n<li>korekta kszta\u0142tu i koloru z\u0119b\u00f3w<\/li>\n<\/ul>\n<\/div><\/div>\n\n\n\n<div class=\"wp-block-media-text alignwide is-stacked-on-mobile\"><figure class=\"wp-block-media-text__media\"><img loading=\"lazy\" decoding=\"async\" width=\"1024\" height=\"573\" src=\"http:\/\/fami-dent.eu\/wp-content\/uploads\/2026\/01\/PROTETYKA-1024x573.jpg\" alt=\"\" class=\"wp-image-281 size-full\" srcset=\"http:\/\/fami-dent.eu\/wp-content\/uploads\/2026\/01\/PROTETYKA-1024x573.jpg 1024w, http:\/\/fami-dent.eu\/wp-content\/uploads\/2026\/01\/PROTETYKA-300x168.jpg 300w, http:\/\/fami-dent.eu\/wp-content\/uploads\/2026\/01\/PROTETYKA-768x430.jpg 768w, http:\/\/fami-dent.eu\/wp-content\/uploads\/2026\/01\/PROTETYKA-1536x860.jpg 1536w, http:\/\/fami-dent.eu\/wp-content\/uploads\/2026\/01\/PROTETYKA-1000x560.jpg 1000w, http:\/\/fami-dent.eu\/wp-content\/uploads\/2026\/01\/PROTETYKA-230x129.jpg 230w, http:\/\/fami-dent.eu\/wp-content\/uploads\/2026\/01\/PROTETYKA-350x196.jpg 350w, http:\/\/fami-dent.eu\/wp-content\/uploads\/2026\/01\/PROTETYKA-480x269.jpg 480w, http:\/\/fami-dent.eu\/wp-content\/uploads\/2026\/01\/PROTETYKA.jpg 1600w\" sizes=\"(max-width: 1024px) 100vw, 1024px\" \/><\/figure><div class=\"wp-block-media-text__content\">\n<p><mark style=\"background-color:rgba(0, 0, 0, 0)\" class=\"has-inline-color has-vivid-cyan-blue-color\"><strong>PROTETYKA<\/strong><\/mark><\/p>\n\n\n\n<ul class=\"wp-block-list\">\n<li>protezy akrylowe<\/li>\n\n\n\n<li>protezy na zatrzaskach<\/li>\n\n\n\n<li>korony i mosty porcelanowe<\/li>\n\n\n\n<li>wk\u0142ady koronowe<\/li>\n\n\n\n<li>wk\u0142ady koronowo-korzeniowe<\/li>\n\n\n\n<li>lic\u00f3wki<\/li>\n<\/ul>\n<\/div><\/div>\n","protected":false},"excerpt":{"rendered":"","protected":false},"author":1,"featured_media":0,"parent":0,"menu_order":0,"comment_status":"closed","ping_status":"open","template":"page-templates\/page_fullwidth.php","meta":{"footnotes":""},"class_list":["post-2","page","type-page","status-publish","hentry"],"_links":{"self":[{"href":"http:\/\/fami-dent.eu\/index.php\/wp-json\/wp\/v2\/pages\/2","targetHints":{"allow":["GET"]}}],"collection":[{"href":"http:\/\/fami-dent.eu\/index.php\/wp-json\/wp\/v2\/pages"}],"about":[{"href":"http:\/\/fami-dent.eu\/index.php\/wp-json\/wp\/v2\/types\/page"}],"author":[{"embeddable":true,"href":"http:\/\/fami-dent.eu\/index.php\/wp-json\/wp\/v2\/users\/1"}],"replies":[{"embeddable":true,"href":"http:\/\/fami-dent.eu\/index.php\/wp-json\/wp\/v2\/comments?post=2"}],"version-history":[{"count":10,"href":"http:\/\/fami-dent.eu\/index.php\/wp-json\/wp\/v2\/pages\/2\/revisions"}],"predecessor-version":[{"id":282,"href":"http:\/\/fami-dent.eu\/index.php\/wp-json\/wp\/v2\/pages\/2\/revisions\/282"}],"wp:attachment":[{"href":"http:\/\/fami-dent.eu\/index.php\/wp-json\/wp\/v2\/media?parent=2"}],"curies":[{"name":"wp","href":"https:\/\/api.w.org\/{rel}","templated":true}]}}