{"id":296,"date":"2026-01-04T17:19:17","date_gmt":"2026-01-04T16:19:17","guid":{"rendered":"http:\/\/fami-dent.eu\/?page_id=296"},"modified":"2026-01-04T18:17:44","modified_gmt":"2026-01-04T17:17:44","slug":"partner-edukacyjny","status":"publish","type":"page","link":"http:\/\/fami-dent.eu\/index.php\/partner-edukacyjny\/","title":{"rendered":"Partner edukacyjny"},"content":{"rendered":"\n<p class=\"has-medium-font-size\">Nasze partnerskie rozwi\u0105zanie dla uczni\u00f3w, nauczycieli oraz pasjonat\u00f3w j\u0119zyk\u00f3w obcych.<\/p>\n\n\n\n<figure class=\"wp-block-image size-large\"><a href=\"https:\/\/e-educator.eu\" target=\"_blank\" rel=\" noreferrer noopener\"><img fetchpriority=\"high\" decoding=\"async\" width=\"1024\" height=\"576\" src=\"http:\/\/fami-dent.eu\/wp-content\/uploads\/2026\/01\/Educator-reklama-1024x576.jpg\" alt=\"baner - Centrum Szkoleniowe Educator\" class=\"wp-image-300\" srcset=\"http:\/\/fami-dent.eu\/wp-content\/uploads\/2026\/01\/Educator-reklama-1024x576.jpg 1024w, http:\/\/fami-dent.eu\/wp-content\/uploads\/2026\/01\/Educator-reklama-300x169.jpg 300w, http:\/\/fami-dent.eu\/wp-content\/uploads\/2026\/01\/Educator-reklama-768x432.jpg 768w, http:\/\/fami-dent.eu\/wp-content\/uploads\/2026\/01\/Educator-reklama-1536x864.jpg 1536w, http:\/\/fami-dent.eu\/wp-content\/uploads\/2026\/01\/Educator-reklama-2048x1152.jpg 2048w, http:\/\/fami-dent.eu\/wp-content\/uploads\/2026\/01\/Educator-reklama-1000x563.jpg 1000w, http:\/\/fami-dent.eu\/wp-content\/uploads\/2026\/01\/Educator-reklama-230x129.jpg 230w, http:\/\/fami-dent.eu\/wp-content\/uploads\/2026\/01\/Educator-reklama-350x197.jpg 350w, http:\/\/fami-dent.eu\/wp-content\/uploads\/2026\/01\/Educator-reklama-480x270.jpg 480w\" sizes=\"(max-width: 1024px) 100vw, 1024px\" \/><\/a><\/figure>\n","protected":false},"excerpt":{"rendered":"<p>Nasze partnerskie rozwi\u0105zanie dla uczni\u00f3w, nauczycieli oraz pasjonat\u00f3w j\u0119zyk\u00f3w obcych.<\/p>\n","protected":false},"author":1,"featured_media":0,"parent":0,"menu_order":0,"comment_status":"closed","ping_status":"closed","template":"","meta":{"footnotes":""},"class_list":["post-296","page","type-page","status-publish","hentry"],"_links":{"self":[{"href":"http:\/\/fami-dent.eu\/index.php\/wp-json\/wp\/v2\/pages\/296","targetHints":{"allow":["GET"]}}],"collection":[{"href":"http:\/\/fami-dent.eu\/index.php\/wp-json\/wp\/v2\/pages"}],"about":[{"href":"http:\/\/fami-dent.eu\/index.php\/wp-json\/wp\/v2\/types\/page"}],"author":[{"embeddable":true,"href":"http:\/\/fami-dent.eu\/index.php\/wp-json\/wp\/v2\/users\/1"}],"replies":[{"embeddable":true,"href":"http:\/\/fami-dent.eu\/index.php\/wp-json\/wp\/v2\/comments?post=296"}],"version-history":[{"count":3,"href":"http:\/\/fami-dent.eu\/index.php\/wp-json\/wp\/v2\/pages\/296\/revisions"}],"predecessor-version":[{"id":317,"href":"http:\/\/fami-dent.eu\/index.php\/wp-json\/wp\/v2\/pages\/296\/revisions\/317"}],"wp:attachment":[{"href":"http:\/\/fami-dent.eu\/index.php\/wp-json\/wp\/v2\/media?parent=296"}],"curies":[{"name":"wp","href":"https:\/\/api.w.org\/{rel}","templated":true}]}}